{"id":374,"date":"2024-02-06T12:45:02","date_gmt":"2024-02-06T11:45:02","guid":{"rendered":"https:\/\/mariedebudt.com\/?page_id=374"},"modified":"2024-05-23T13:44:28","modified_gmt":"2024-05-23T11:44:28","slug":"leurs-avis-vous-interessent","status":"publish","type":"page","link":"https:\/\/mariedebudt.com\/?page_id=374","title":{"rendered":"Leurs avis vous int\u00e9ressent ?"},"content":{"rendered":"\n<blockquote class=\"wp-block-quote is-layout-flow wp-block-quote-is-layout-flow\"><p>J&rsquo;ai b\u00e9n\u00e9fici\u00e9 d&rsquo;une s\u00e9ance de kin\u00e9siologie avec Marie cette semaine. Ecoute pleinement attentive, pr\u00e9sence, accueil vrai et en toute bienveillance de ce qui vient durant la s\u00e9ance. Marie est all\u00e9e un peu plus loin qu&rsquo;une simple s\u00e9ance de kin\u00e9sio. Elle y apporte sa connexion au subtil. Bon, elle sait mes connexions aussi \ud83d\ude09 . Ca travaille fort. Elle a vraiment pris le temps et \u00e7a c&rsquo;est aussi appr\u00e9ciable. Elle a \u00e9t\u00e9 jusqu&rsquo;au bout pour que le travail se fasse. Je vous recommande d&rsquo;aller vers elle. Encore toute ma gratitude Marie ! Alexandra<\/p><\/blockquote>\n\n\n\n<blockquote class=\"wp-block-quote is-layout-flow wp-block-quote-is-layout-flow\"><p>J&rsquo;\u00e9tais perdue et bloqu\u00e9e dans ma vie. Ma t\u00eate ruinait sans cesse les m\u00eames choses. Marie m&rsquo;a aid\u00e9 \u00e0 identifier et lib\u00e9rer ces blocages. Je peux enfin ressentir mes \u00e9motions et faire mes propres choix.<\/p><p>Merci pour ta patience et ta d\u00e9licatesse. Je n&rsquo;\u00e9tais plus la m\u00eame quand je suis sortie de la s\u00e9ance. \ud83d\ude4f<\/p><\/blockquote>\n\n\n\n<blockquote class=\"wp-block-quote is-layout-flow wp-block-quote-is-layout-flow\"><p>Marie est une perle! C\u2019est une professionnelle tr\u00e8s \u00e0 l\u2019\u00e9coute, pos\u00e9e et douce. Elle a vraiment su m\u2019accompagner \u00e0 retrouver mon \u00e9quilibre et ma libert\u00e9 de choix, en me lib\u00e9rant d\u2019une situation anxiog\u00e8ne qui m\u2019emp\u00eachait d\u2019avancer. Je la recommande sinc\u00e8rement.<\/p><\/blockquote>\n\n\n\n<blockquote class=\"wp-block-quote is-layout-flow wp-block-quote-is-layout-flow\"><p>Marie m&rsquo;a accompagn\u00e9 avec empathie, exp\u00e9rience et douceur. Une kin\u00e9siologue hors pair, riche d&rsquo;exp\u00e9riences et de pratiques compl\u00e9mentaires et multiples, \u00e0 recommander les yeux ferm\u00e9s. Merci beaucoup Marie \ud83d\udc4d\ud83d\ude4f\u2728<\/p><\/blockquote>\n\n\n\n<blockquote class=\"wp-block-quote is-layout-flow wp-block-quote-is-layout-flow\"><p>Merci Marie pour ton professionnalisme, superbe s\u00e9ance de kin\u00e9siologie. Une d\u00e9couverte pour moi, un outil tr\u00e8s puissant, avec lequel Marie saura vous guider \ud83d\udc9c<\/p><\/blockquote>\n\n\n\n<blockquote class=\"wp-block-quote is-layout-flow wp-block-quote-is-layout-flow\"><p>Une superbe praticienne !!! Allez y les yeux ferm\u00e9s \u2026 elle vous aidera \u00e0 allez mieux c\u2019est certain!!!<\/p><\/blockquote>\n\n\n\n<blockquote class=\"wp-block-quote is-layout-flow wp-block-quote-is-layout-flow\"><p>Marie, comment pouvoir dire tout ce qu&rsquo;elle d\u00e9gage avec seulement des mots&#8230; difficile ! Marie c&rsquo;est plut\u00f4t une \u00e9motion \u00e0 elle seule, elle vous fait vous envoler et vous d\u00e9connecter seulement avec son \u00e9nergie positive, son amour et son sourire. Elle d\u00e9gage une telle bont\u00e9 que discuter avec elle, m\u00eame si vous ne la connaissez pas, vous para\u00eet simple et naturel et vous permet de sortir toutes ces choses enfouies, ses questions sont pertinentes et sa lumi\u00e8re fait miroir pour vous montrer votre propre lumi\u00e8re qui vous \u00e9clairera sur votre chemin de vie et aidera votre intuition \u00e0 reprendre sa place tout naturellement dans votre vie<\/p><\/blockquote>\n\n\n\n<blockquote class=\"wp-block-quote is-layout-flow wp-block-quote-is-layout-flow\"><p>Aujourd&rsquo;hui Marie, tu m&rsquo;as fait vivre une exp\u00e9rience magique , gratitude infinie !!! la kin\u00e9siologie c&rsquo;est fantastique et tu m&rsquo;as merveilleusement accompagn\u00e9e au cours de ce soin mille mercis encore. Je me sens l\u00e9g\u00e8re et joyeuse, mon corps respire au large et est joyeux lui aussi. <img loading=\"lazy\" decoding=\"async\" height=\"16\" width=\"16\" src=\"https:\/\/static.xx.fbcdn.net\/images\/emoji.php\/v9\/t80\/1\/16\/1f64f.png\" alt=\"\ud83d\ude4f\"><img loading=\"lazy\" decoding=\"async\" height=\"16\" width=\"16\" src=\"https:\/\/static.xx.fbcdn.net\/images\/emoji.php\/v9\/t90\/1\/16\/1f426.png\" alt=\"\ud83d\udc26\"><img loading=\"lazy\" decoding=\"async\" height=\"16\" width=\"16\" src=\"https:\/\/static.xx.fbcdn.net\/images\/emoji.php\/v9\/tea\/1\/16\/1f970.png\" alt=\"\ud83e\udd70\">(Sylvette)<\/p><\/blockquote>\n\n\n\n<blockquote class=\"wp-block-quote is-layout-flow wp-block-quote-is-layout-flow\"><p>super s\u00e9ance avec Marie ! On ne voit pas le temps pass\u00e9 avec elle tellement la s\u00e9ance est riche\/instructive et prenante. Une super th\u00e9rapeute qui met ses dons au profit de ses patients, vraiment \u00e0 l&rsquo;\u00e9coute et \u00e0 l&rsquo;unisson avec vos ressentis\/\u00e9motions.Elle vous aide en douceur \u00e0 acc\u00e9der \u00e0 vous-m\u00eame et vous donne toutes les clefs n\u00e9cessaires pour vous aider \u00e0 vous r\u00e9aligner et \u00e0 cultiver votre propre univers sans interf\u00e9rer dans votre jugement. si vous avez besoin d&rsquo;une th\u00e9rapeute holistique, je vous la recommande !<\/p><\/blockquote>\n\n\n\n<blockquote class=\"wp-block-quote is-layout-flow wp-block-quote-is-layout-flow\"><p>Personne formidable, tr\u00e8s professionnelle, d&rsquo;une gentillesse incroyable. Sinc\u00e8rement, je vous la recommande les yeux ferm\u00e9s.<\/p><\/blockquote>\n\n\n\n<blockquote class=\"wp-block-quote is-layout-flow wp-block-quote-is-layout-flow\"><p>J&rsquo;ai d\u00e9couvert la kin\u00e9siologie gr\u00e2ce \u00e0 Marie.<\/p><p>Je suis venue \u00e0 sa rencontre pour mon fils qui avait de nombreuses peurs et blocages.<\/p><p>Elle a su le mettre en confiance, le faire participer et se d\u00e9voiler pour le faire avancer.<\/p><p>Au vu des r\u00e9sultats impressionnant, j&rsquo;ai pris rendez vous pour mon deuxi\u00e8me fils ainsi que pour moi et la magie \u00e0 \u00e9galement op\u00e9r\u00e9e pour nous.<\/p><p>Marie est une professionnelle \u00e0 l&rsquo;\u00e9coute, qui prend son temps, douce et sensible.<\/p><p>N&rsquo;h\u00e9sitez pas \u00e0 aller \u00e0 sa rencontre vous serez surpris<\/p><\/blockquote>\n\n\n\n<blockquote class=\"wp-block-quote is-layout-flow wp-block-quote-is-layout-flow\"><p>J\u2019ai d\u00e9couvert la kin\u00e9siologie par le biais de connaissances et j\u2019y ai eu recours dans un premier temps pour mon fils de 18 ans suite \u00e0 des soucis de phobie sociale. Le r\u00e9sultat a \u00e9t\u00e9 bluffant, Marie de Budt a su gagner sa confiance tr\u00e8s rapidement et en 3 s\u00e9ances il s\u2019\u00e9tait ouvert aux autres et avait repris confiance en lui. Une r\u00e9elle m\u00e9tamorphose positive. J\u2019y suis donc all\u00e9e pour moi et cela a eu un tr\u00e8s bon effet \u00e9galement.<\/p><p>Marie  de Budt est gentille et bienveillante et son professionnalisme met vraiment en confiance.<\/p><p>Je la recommande chaleureusement<\/p><\/blockquote>\n\n\n\n<blockquote class=\"wp-block-quote is-layout-flow wp-block-quote-is-layout-flow\"><p>Marie ! Une vraie rencontre \ud83d\ude4f Si \u00e0 un moment de votre vie vous avez besoin d&rsquo;\u00eatre \u00e9clair\u00e9 guid\u00e9, n&rsquo;h\u00e9sitez pas ! Aller \u00e0 la rencontre de Marie qui saura en toute bienveillance vous accompagner vers ce dont vous avez besoin, elle vous aidera \u00e0 aller \u00e0 la rencontre de vous-m\u00eame. Marie est une personne tr\u00e8s douce et \u00e0 l&rsquo;\u00e9coute et doter d&rsquo;une tr\u00e8s grande empathie, elle pratique son m\u00e9tier avec le coeur, elle saura vous accueillir dans son cocoon \u00e0 Valdoie. Une exp\u00e9rience extraordinaire pour moi. Pour ceux qui ne connaissent pas la kin\u00e9siologie, consultez son site, tout est tr\u00e8s bien expliqu\u00e9, N&rsquo;h\u00e9sitez pas allez y les yeux ferm\u00e9s.<\/p><\/blockquote>\n\n\n\n<blockquote class=\"wp-block-quote is-layout-flow wp-block-quote-is-layout-flow\"><p>Tr\u00e8s professionnelle, super gentille, j&rsquo;ai fait plusieurs s\u00e9ances avec marie, tr\u00e8s \u00e0 l&rsquo;\u00e9coute, nous guide super bien, nous aide et tombe toujours juste. A chaque s\u00e9ance je repars le coeur plus l\u00e9ger, que quand j&rsquo;arrive.<\/p><p>J&rsquo;ai totalement confiance en elle.<\/p><p>Je recommande vivement<\/p><\/blockquote>\n","protected":false},"excerpt":{"rendered":"<p>J&rsquo;ai b\u00e9n\u00e9fici\u00e9 d&rsquo;une s\u00e9ance de kin\u00e9siologie avec Marie cette semaine. Ecoute pleinement attentive, pr\u00e9sence, accueil vrai et en toute bienveillance de ce qui vient durant la s\u00e9ance. Marie est all\u00e9e &hellip; <\/p>\n","protected":false},"author":1,"featured_media":0,"parent":0,"menu_order":0,"comment_status":"closed","ping_status":"closed","template":"","meta":{"footnotes":""},"class_list":["post-374","page","type-page","status-publish","hentry"],"_links":{"self":[{"href":"https:\/\/mariedebudt.com\/index.php?rest_route=\/wp\/v2\/pages\/374","targetHints":{"allow":["GET"]}}],"collection":[{"href":"https:\/\/mariedebudt.com\/index.php?rest_route=\/wp\/v2\/pages"}],"about":[{"href":"https:\/\/mariedebudt.com\/index.php?rest_route=\/wp\/v2\/types\/page"}],"author":[{"embeddable":true,"href":"https:\/\/mariedebudt.com\/index.php?rest_route=\/wp\/v2\/users\/1"}],"replies":[{"embeddable":true,"href":"https:\/\/mariedebudt.com\/index.php?rest_route=%2Fwp%2Fv2%2Fcomments&post=374"}],"version-history":[{"count":2,"href":"https:\/\/mariedebudt.com\/index.php?rest_route=\/wp\/v2\/pages\/374\/revisions"}],"predecessor-version":[{"id":383,"href":"https:\/\/mariedebudt.com\/index.php?rest_route=\/wp\/v2\/pages\/374\/revisions\/383"}],"wp:attachment":[{"href":"https:\/\/mariedebudt.com\/index.php?rest_route=%2Fwp%2Fv2%2Fmedia&parent=374"}],"curies":[{"name":"wp","href":"https:\/\/api.w.org\/{rel}","templated":true}]}}