{"id":174,"date":"2022-03-14T14:50:03","date_gmt":"2022-03-14T13:50:03","guid":{"rendered":"http:\/\/mariedebudt.com\/?page_id=174"},"modified":"2024-05-23T13:49:17","modified_gmt":"2024-05-23T11:49:17","slug":"la-kinesiologie","status":"publish","type":"page","link":"https:\/\/mariedebudt.com\/?page_id=174","title":{"rendered":"La kin\u00e9siologie"},"content":{"rendered":"\n<h2 class=\"has-text-align-center wp-block-heading\">Qu&rsquo;est ce que c&rsquo;est la kin\u00e9siologie ?<\/h2>\n\n\n\n<p class=\"has-text-align-center\">La kin\u00e9siologie est une m\u00e9thode corporelle qui prend en compte l&rsquo;\u00e9motionnel, l&rsquo;\u00e9nerg\u00e9tique et le structurel. Elle \u00e9tablit un lien entre les muscles, les organes et les m\u00e9ridiens d&rsquo;acupuncture (chaque m\u00e9ridien correspond \u00e0 un organe pr\u00e9cis), mais aussi entre stress et tonus musculaire.<\/p>\n\n\n\n<p class=\"has-text-align-center\">Consulter un Kin\u00e9siologue permet de mieux faire face \u00e0 ses \u00e9motions et de mieux g\u00e9rer son stress au quotidien. &#8230; Le recours \u00e0 la Kin\u00e9siologie peut donc aider \u00e0 surmonter les \u00e9v\u00e9nements difficiles de la vie et \u00e0 prendre conscience de ses ressources et de son potentiel. En kin\u00e9siologie, les stress sont des d\u00e9s\u00e9quilibres \u00e9nerg\u00e9tiques qui s\u2019expriment en r\u00e9actions physiques, physiologiques et psychiques.<\/p>\n\n\n\n<h2 class=\"has-text-align-center wp-block-heading\">Concr\u00e8tement, comment \u00e7a marche ?<\/h2>\n\n\n\n<p class=\"has-text-align-center\">Pour identifier ces blocages \u00e9nerg\u00e9tiques, le praticien interroge le corps de la personne qui consulte ; il choisit un muscle, g\u00e9n\u00e9ralement le delto\u00efde (\u00e0 l\u2019\u00e9paule) car il est facile \u00e0 allonger, n\u2019est pas fatigant tout en \u00e9tant puissant. \u00ab\u00a0On applique une l\u00e9g\u00e8re pression sur le bras tendu, et selon les questions pos\u00e9es, le muscle l\u00e2che &#8211; quand le corps dit non &#8211; ou tient bon -il se \u00ab\u00a0verrouille\u00a0\u00bb -, dans le cas o\u00f9 le corps envoie un signal positif\u00a0\u00bb. Le test musculaire ouvre ainsi l\u2019acc\u00e8s \u00e0 la m\u00e9moire du corps, qui, lui, ne ment pas ou ne s\u2019arrange pas avec le r\u00e9el.<\/p>\n\n\n\n<h2 class=\"has-text-align-center wp-block-heading\">Pour qui ?<\/h2>\n\n\n\n<p class=\"has-text-align-center\">Tout le monde peut consulter, \u00ab\u00a0Le but est de lib\u00e9rer le corps d\u2019un stress, de d\u00e9poser nos \u00ab\u00a0valises\u00a0\u00bb, si possible en les comprenant, mais ce n\u2019est pas obligatoire\u00a0\u00bb.<\/p>\n\n\n\n<h2 class=\"has-text-align-center wp-block-heading\">La Kin\u00e9siologie et les enfants<\/h2>\n\n\n\n<p class=\"has-text-align-center\">Et oui nos enfants aussi peuvent b\u00e9n\u00e9ficier des bien faits de la kin\u00e9siologie. <\/p>\n\n\n\n<p class=\"has-text-align-center\">Vous seriez peut-\u00eatre surpris d&rsquo;apprendre que d\u00e8s la naissance, voire m\u00eame pendant la p\u00e9riode dite de \u00ab\u00a0grossesse\u00a0\u00bb, nos corps cristallisent du stress. Nous pouvons alors rencontrer des nourrissons qui d\u00e9veloppent des probl\u00e8mes de sommeil, de r\u00e9gurgitation &#8230;<\/p>\n\n\n\n<p class=\"has-text-align-center\">Nous retrouvons aussi ces facteurs de stress lors des apprentissages. L&rsquo;entr\u00e9e \u00e0 l&rsquo;\u00e9cole peut-\u00eatre r\u00e9v\u00e9latrice de difficult\u00e9s dans l&rsquo;\u00e9criture, les math\u00e9matiques, des probl\u00e8mes \u00ab\u00a0dys\u00a0\u00bb, des probl\u00e8mes d&rsquo;attention et de concentration, une perte de confiance en soi et de motivation&#8230;<\/p>\n\n\n\n<p class=\"has-text-align-center\">Vous l&rsquo;aurez compris, le champs d&rsquo;actions de la kin\u00e9siologie est aussi vaste que peuvent l&rsquo;\u00eatre les facteurs de stress.<\/p>\n\n\n\n<figure class=\"wp-block-embed is-type-video is-provider-youtube wp-block-embed-youtube wp-embed-aspect-16-9 wp-has-aspect-ratio\"><div class=\"wp-block-embed__wrapper\">\n<iframe loading=\"lazy\" title=\"C&#039;est quoi la Kin\u00e9siologie Marie ?\" width=\"767\" height=\"431\" src=\"https:\/\/www.youtube.com\/embed\/XfxxiF5kc-8?feature=oembed\" frameborder=\"0\" allow=\"accelerometer; autoplay; clipboard-write; encrypted-media; gyroscope; picture-in-picture; web-share\" referrerpolicy=\"strict-origin-when-cross-origin\" allowfullscreen><\/iframe>\n<\/div><\/figure>\n","protected":false},"excerpt":{"rendered":"<p>Qu&rsquo;est ce que c&rsquo;est la kin\u00e9siologie ? La kin\u00e9siologie est une m\u00e9thode corporelle qui prend en compte l&rsquo;\u00e9motionnel, l&rsquo;\u00e9nerg\u00e9tique et le structurel. Elle \u00e9tablit un lien entre les muscles, les &hellip; <\/p>\n","protected":false},"author":1,"featured_media":0,"parent":0,"menu_order":0,"comment_status":"closed","ping_status":"closed","template":"","meta":{"footnotes":""},"class_list":["post-174","page","type-page","status-publish","hentry"],"_links":{"self":[{"href":"https:\/\/mariedebudt.com\/index.php?rest_route=\/wp\/v2\/pages\/174","targetHints":{"allow":["GET"]}}],"collection":[{"href":"https:\/\/mariedebudt.com\/index.php?rest_route=\/wp\/v2\/pages"}],"about":[{"href":"https:\/\/mariedebudt.com\/index.php?rest_route=\/wp\/v2\/types\/page"}],"author":[{"embeddable":true,"href":"https:\/\/mariedebudt.com\/index.php?rest_route=\/wp\/v2\/users\/1"}],"replies":[{"embeddable":true,"href":"https:\/\/mariedebudt.com\/index.php?rest_route=%2Fwp%2Fv2%2Fcomments&post=174"}],"version-history":[{"count":10,"href":"https:\/\/mariedebudt.com\/index.php?rest_route=\/wp\/v2\/pages\/174\/revisions"}],"predecessor-version":[{"id":385,"href":"https:\/\/mariedebudt.com\/index.php?rest_route=\/wp\/v2\/pages\/174\/revisions\/385"}],"wp:attachment":[{"href":"https:\/\/mariedebudt.com\/index.php?rest_route=%2Fwp%2Fv2%2Fmedia&parent=174"}],"curies":[{"name":"wp","href":"https:\/\/api.w.org\/{rel}","templated":true}]}}